l) = -20*l**2 - 18*l. Let p(z) = j*g(z) + 6*r(z). Determine p(6).
-12
Suppose -5*b = -0*d + 3*d - 1, -4 = 4*b + 4*d. Let x(q) be the third derivative of -q**4/12 - q**3/3 - 11*q**2 + 1. Calculate x(b).
-6
Suppose 6*d - 35 = d. Let n(h) = 14*h**3 - 46*h**2 + 2*h - 10. Let z(l) = -5*l**3 + 16*l**2 + 3. Let c(i) = -4*n(i) - 11*z(i). Give c(d).
0
Suppose -4*n = 5*v - 8627, 0 = -6*n + 3*n + 5*v + 6444. Suppose -836 + n = 3*m. Let z(c) = -m*c + 441*c - 1 + 0. What is z(3)?
5
Let z(c) = -c + 7*c**2 - 5*c + 7 - 19*c**2 + 11*c**2. Suppose 2*h - 18 = -4*h. Suppose 5*o + 4*p + h = -32, o - 5*p + 7 = 0. What is z(o)?
0
Suppose -2*w = 4*w. Suppose w = -2*g + 104 + 144. Let c be (93/g)/(1/(-12)). Let r(b) = -b**3 - 9*b**2 - 2*b - 11. Determine r(c).
7
Let o(x) = -10*x - 6*x + 6 + 2 - 5 + 3*x + x**2. Suppose 9*r - 60 = -6. Suppose -23 = -r*z + 55. Determine o(z).
3
Let f(l) be the first derivative of -l**2/2 + 2*l - 1. Let d(m) = m - 17. Let c be d(19). Suppose 0 = c*y + 5*y + 42. What is f(y)?
8
Let j(n) = 2*n**2 - 8*n + 14. Suppose 3*m = -4*d + 5, 3 = m - 2*d - 2. Let p be j(m). Let c(l) = 6*l - p + 26 - 14. Give c(-3).
-14
Suppose -9*u = -11 - 7. Let o(k) = -4*k**2 + 7*k**2 + 8*k**2 + u*k - 1 - 2*k**3 - 9*k**2. Determine o(2).
-5
Let t(v) be the third derivative of -v**6/120 - 11*v**5/60 - v**4/2 - 7*v**3/2 + v**2 + 6. Let k be t(-10). Let i(f) = 2*f**3 - f**2 - 2*f - 1. What is i(k)?
-2
Let p(j) = -11*j**2 + 1. Suppose -2*t = 4*n + 6, 6*t + 12 = 2*t + 5*n. Let i be -5 - (12/(-36))/(t/(-54)). What is p(i)?
-10
Let a(u) = u + 11. Let b be a(-5). Let z(d) = -b*d**3 + 3*d**2 + 2*d**2 + d + d + 7*d**3 + 3. Let q be ((-2)/1)/(24/60). Calculate z(q).
-7
Suppose -11*q + q = -30. Let p(i) = 5 + q + i**2 + 1 - 4 - 10*i. Let v(u) = -10*u - 1. Let y be v(-1). Calculate p(y).
-4
Suppose 2*r + 24 = 2*u, 0 = -1351*u + 1346*u - 2*r + 81. Let o(l) = -3*l + 61. Give o(u).
16
Let a = 735 + -511. Let l(c) = -2*c**2 + a*c**3 - 11 + 10*c**2 - 225*c**3 + 2*c. Give l(8).
5
Let h(z) = -4*z - 65. Let w be h(-15). Let a = 18 + -20. Let l(u) = 3*u + 9. Let f(c) = 4*c + 10. Let j(k) = a*f(k) + 3*l(k). Calculate j(w).
2
Let f(r) = -16*r. Let w(o) = 12*o + 1. Let d(b) = 4*f(b) + 5*w(b). Let x = 12 - 22. Determine d(x).
45
Let i(l) = -7196*l + 14356*l - 7118*l + 5*l**2 + 17. Calculate i(-8).
1
Let y(h) = -2*h**3 - 24*h**2 + 23*h - 9. Let r(f) = 3*f**3 + 47*f**2 - 45*f + 13. Let u(b) = -3*r(b) - 5*y(b). Determine u(20).
6
Let z(t) = 2*t**2 + t - 4. Let u(k) = -32*k + 88. Let q be u(2). Suppose 6*m + q = 36. Calculate z(m).
6
Let q = 26328 + -26340. Let u(x) = -2*x**2 - 25*x - 12. What is u(q)?
0
Let o be 10/(140/147)*4. Let j be (-195)/(-35) + (-2)/(o/(-9)). Let p(n) = 3*n - 3. Calculate p(j).
15
Let i(m) = -7*m + 15. Let g(l) = -3*l + 4. Let o(j) = 5*g(j) - 3*i(j). Calculate o(7).
17
Suppose -24*x = 3*x. Let h(r) = -2*r + 4. Give h(x).
4
Let v(j) = -j**2 + 6*j - 18. Let i be ((-17 + 17)/(-1))/(-1). Determine v(i).
-18
Let g(x) be the second derivative of x**5/10 - x**4/4 + x**3/6 + x**2/2 + 4*x. Let n be g(2). Let k(i) = 13*i + n*i - 21*i. Give k(-3).
3
Let a(v) = -79*v**2 - 2*v - 1. Let m(g) = g**2 - 12*g - 1. Let k be m(12). Determine a(k).
-78
Let h(i) = -i**3 - 27*i**2 - 126*i + 16. Let n be h(-21). Suppose -n*l + 5*l = -4*l. Let s(a) = 4*a - 3*a - 9 + a**2 - 2*a**2. Determine s(l).
-9
Let m(h) = -h - 7. Suppose 8*b = 12*b - 152. Let q = b + -36. Let i be 30/10 - 14/q. What is m(i)?
-3
Let j(w) be the third derivative of -2*w**7/105 - w**6/360 + 18*w**3 + 17*w**2 + 2. Let m(g) be the first derivative of j(g). What is m(-1)?
15
Let n be (-9)/(-27) + (-825)/(-9). Let l = -86 + n. Let q(u) = u**2 - 6*u - 3. Calculate q(l).
-3
Let k(y) = -19*y + 116. Let w be k(6). Let b(l) = -w*l - 76 + l**2 + 76 + l. Give b(3).
6
Let c(o) = -43 + 10*o**2 - 2*o - o**3 - 7*o + 47. Let p be 6 - ((-3)/12)/(9/108). Calculate c(p).
4
Let r(j) be the second derivative of j**2 - 19*j - 2 + 1/12*j**4 - j**3. Determine r(6).
2
Let c(o) = 4*o - 11117*o**2 + 1 - 8 + 11118*o**2. Calculate c(0).
-7
Suppose -11*l - t - 38 = -9*l, 0 = 2*t - 4. Let h(n) = -n**3 - 21*n**2 - 19*n + 24. Give h(l).
4
Let g be 8/(-56) + 29/7. Let a(c) = -4*c**3 + 8*c**2 + c - 10. Let h(n) = -5*n**3 + 9*n**2 + 2*n - 12. Let f(x) = 4*a(x) - 3*h(x). Calculate f(g).
4
Suppose -30 + 54 = 12*f. Let c(u) be the third derivative of 0 + 0*u + 1/6*u**4 + 1/60*u**5 - 1/2*u**3 - 8*u**2 - 1/60*u**6. Give c(f).
-7
Suppose 0 = -2*g + 4*s, -5*g + 9 = -s - 0. Let k(i) = 225*i - 217*i - 27 + 20 + i**g. Give k(-8).
-7
Let v(j) = -6*j**3 - 2*j**2 - j. Suppose 14 + 26 = 5*x. Suppose -3*z = -5*i + x, 4*z - 3*i + 3 = -4*i. Determine v(z).
5
Let v(s) be the third derivative of 11/6*s**3 + 1/6*s**5 + s**2 + 0 - 1/120*s**6 - 85*s + 11/24*s**4. What is v(11)?
11
Let x = -482 + 485. Suppose 0 = 3*y + 2*p + 10, 9*p - 7*p - 2 = x*y. Let d(b) = -b**3 + 2*b + 1. Give d(y).
5
Let g(d) = 1 + 3120*d - 3116*d + 16. Let l(f) = 3*f + 11. Let z(r) = 5*g(r) - 7*l(r). What is z(6)?
2
Let v(l) = -2*l**3 - 19*l**2 - 9*l + 3. Let d be v(-9). Let z(x) be the third derivative of 15*x**2 + 0*x + 0 + 1/12*x**4 + 0*x**3 - 1/60*x**5. Give z(d).
-3
Let b be ((-2)/(-3))/(1/(-3)). Let u = 207 - 206. Let w(n) = -5*n**2 - u + 3 - 8828*n + 8826*n + 2*n**2 - n**3 - 2*n**2. What is w(b)?
-6
Suppose -4*r - 4*j = -64, -5*r - 20*j + 84 = -17*j. Suppose -r = 20*d + 102. Let k(g) = g**3 + 7*g**2 + 8*g - 3. What is k(d)?
-15
Let k = -26 - -95. Let j = -47 + k. Let r(c) = -j*c**2 - 4 - c**2 + 5. What is r(-1)?
-22
Let o(v) be the first derivative of -3/2*v**2 + 8*v + 95. Calculate o(7).
-13
Let n be 8/(-36) - 94/(-18). Let j(y) be the second derivative of -y**4/12 + 7*y**2/2 - 119*y. Let m(a) be the first derivative of j(a). Calculate m(n).
-10
Let g be (0/3)/(-2*(-4 + (-33)/(-6))). Let p(v) = v**3 + 2*v**2 - 6. Determine p(g).
-6
Let m(w) = -w**3 + 9*w**2 + w - 7. Let z be m(9). Let n(v) = -z*v - 86*v**3 + 2*v + 84*v**3. Calculate n(-1).
2
Let i(o) be the second derivative of -o**4/12 - 4*o**3/3 - 2*o**2 - o. Suppose -10*p + 107 = -173. Suppose -7*q + 5*q - p = 4*l, 5*q + 2*l = -30. What is i(q)?
12
Let a(l) = -11*l - 25. Let h(p) = -5*p - 12. Let i(y) = 6*a(y) - 13*h(y). Let d be 4*55/(-20) - -11. Calculate i(d).
6
Let f(i) = -i**3 - 10*i**2 - 26*i - 11. Let z be f(-7). Suppose z = k + 32. Let c(p) = 4 + 0*p + p**3 - 1 + 2*p + 8*p**2. What is c(k)?
-13
Let n(j) = -30*j - 179. Let d be n(-6). Let a(b) = 2 + 18*b - 14*b - 12*b - 1. Calculate a(d).
-7
Let d(l) = 37*l + 9. Let g be d(-4). Let t = -135 - g. Let p(k) be the first derivative of -k**4/4 + 5*k**3/3 - k**2/2 - 3*k + 16. Determine p(t).
9
Let u(d) = 2*d**3 + 2*d**2 + 2*d. Let r(c) = -11*c**3 - 16*c**2 - 17*c + 5. Let l(y) = r(y) + 6*u(y). What is l(6)?
47
Let m(r) = -1 + 4 + 2 - 4*r - 1. Let f(b) = -12*b + 11. Let t(c) = 3*f(c) - 8*m(c). Determine t(-2).
9
Let q(g) be the first derivative of g**4/4 - 2*g**3 - 3*g**2/2 + 9*g + 7850. Calculate q(5).
-31
Let g(z) = 11*z**3 + 46*z**2 + 21*z + 40. Let m(y) = 4*y**3 + 16*y**2 + 7*y + 13. Let h(f) = 3*g(f) - 8*m(f). Calculate h(-9).
34
Let k be 12/(-8)*(-2 + 0) + -4. Let t(w) = 0*w + 3*w**2 - w + 0*w**2 - 4*w**2 + 6*w**3. Give t(k).
-6
Let i(z) be the second derivative of -z**4/12 - z**3/6 - 15*z**2/2 - 1326*z. What is i(-7)?
-57
Let m(n) = 9*n - 28. Let x be (19 + -23)/(5/15*-4). Give m(x).
-1
Let l = 84 + -80. Suppose -w = a + l*a - 136, -3*a + 5*w = -76. Let g(p) = 28*p**2 - a*p**2 + 2*p - 7*p**3 + 3*p**3 + 1. Give g(-1).
4
Let w(c) = -c**3 - 20*c**2 + 39*c - 114. Let q = 22601 - 22623. What is w(q)?
-4
Let i(y) = -2*y - 13. Let a(u) = 38 + 4*u + 8*u - 7*u. Let j(m) = 3*a(m) + 8*i(m). Calculate j(6).
4
Let d(n) = 3*n**3 - 9*n**2 + 18*n - 1. Let h(o) = -2*o**3 + 7*o**2 - 14*o + 1. Let k(q) = 3*d(q) + 4*h(q). What is k(-5)?
-89
Let b(p) = 136*p - 268*p + 134*p. Let y(z) = -z**3 + 10 + 4*z**3 + 9*z**2 + 10*z - 2*z**3. Let d be y(-8). What is b(d)?
-12
Let j(z) be the second derivative of 9*z**5/20 + z**4/12 - z**3/6 + z**2/2 + 29*z + 56. Determine j(1).
10
Let o(z) = -z + 8. Let g(u) = u**3 - 9*u**2 + 15*u - 50. Let b be g(8). What is o(b)?
2
Let v(r) = -3*r**3 - 2*r**2 + 5*r - 1. Let f be v(-2). Let t(w) = 5*w**2 - 2*w + 2. Let u(g) = 7*g**2 - 3*g + 2. Let h(j) = f*t(j) - 4*u(j). Determine h(2).